nd q.
9
Let p = -43 + 51. Let l be 245 + (9 - p)*(2 - 1). Let k be (-3)/(-5) - (l/(-15) + -2). What is the highest common divisor of 19 and k?
19
Let y = -11557 - -12167. Calculate the greatest common divisor of y and 40.
10
Let j = -8166 + 8258. Calculate the greatest common factor of 207 and j.
23
Let v(w) = -w + 17. Let q be v(12). Suppose 2*s - 166 = -3*f - 2*f, q*s - 432 = -4*f. Calculate the highest common factor of s and 308.
44
Let t be 189*2 - (0 - -1). Suppose -117*b + 70*b = -1363. What is the greatest common divisor of b and t?
29
Let j = 3999 + -3970. What is the highest common factor of 7685 and j?
29
Suppose 5*v - 40 = -y - 2, 0 = -y + 2*v + 10. Suppose -y + 12 = 2*b. Let l be 5 - 12/((-12)/b). What is the greatest common divisor of 4 and l?
2
Suppose 367*l - 16100 = -93*l. Let i(m) = 9*m**2 + 5*m - 5. Let p be i(5). Calculate the greatest common divisor of p and l.
35
Let d(u) = -u**3 - 66*u**2 + 131*u - 214. Let h be d(-68). What is the greatest common factor of 369 and h?
9
Let y(c) = 5*c**2 - 22*c + 69. Let o be y(11). Calculate the greatest common divisor of 16 and o.
16
Let u = -15353 - -15417. What is the highest common factor of 184 and u?
8
Suppose 7*a - 2*a - 313 = 152. Let d = -69 - -131. What is the greatest common divisor of a and d?
31
Let o = -6652 + 7232. What is the greatest common factor of o and 20?
20
Suppose -251*u + 405 = 154*u. What is the greatest common factor of u and 2927?
1
Let i = -711 + 1001. Let t = i - 158. What is the highest common factor of t and 36?
12
Let r be (54/33)/(69/506) + 694. Calculate the highest common divisor of 4 and r.
2
Let q be (110/(-8))/(210/(-504)). Calculate the greatest common divisor of q and 7953.
33
Let y(u) = -u + 5. Let f be y(3). Suppose -z - 50 = -f*q - 144, -5*z + 488 = -4*q. Let n = 113 + -103. What is the highest common divisor of n and z?
10
Let h = -9 - -12. Suppose 6 = h*t - 6. Let x(c) = -c + 1. Let b be x(0). What is the greatest common divisor of t and b?
1
Let g = -33969 + 34089. What is the greatest common factor of 16410 and g?
30
Suppose -444*i + 148656 = -118*i. Calculate the greatest common divisor of i and 399.
57
Let o(c) = -7*c**2 + 99*c - 18. Let h be o(16). Let k = h - -262. Calculate the highest common divisor of 4 and k.
4
Let p(l) be the third derivative of 7*l**6/60 - l**5/30 + 7*l**4/24 - l**3/6 + l**2 + 18. Let b be p(2). What is the greatest common factor of 9 and b?
9
Suppose 0 = -w - t + 18, -4*t - 10 = -9*t. Let g be (-161713)/(-632) + (-1)/(-8). Calculate the highest common factor of g and w.
16
Let k = 4277 + -4207. Calculate the greatest common factor of 952 and k.
14
Let i = -5784 - -6106. Calculate the highest common divisor of i and 414.
46
Suppose 34*c + 4*c = 190. Calculate the highest common divisor of c and 31.
1
Suppose 917 = 2*i - 3*u, 3810*u - 3812*u = 3*i - 1330. Let b be (-14)/6*24/(-2). Calculate the greatest common divisor of i and b.
28
Let l(m) = 10*m**2 - m - 4. Let n be (-6)/4 - 91/26. Let v be l(n). Let c = v + -97. What is the highest common factor of c and 14?
14
Suppose 17*x = 22*x - 5*m + 475, -3*x = m + 265. Let k be (-800)/x + (-2)/(-18). What is the greatest common divisor of 549 and k?
9
Let p = 20 + 16. Let d be (-15)/(-6)*6/5. Suppose 3*b = -m + 27, -b = d*m + 2*b - 75. What is the greatest common divisor of m and p?
12
Let c(t) = -51*t - 7. Let r be c(-5). Let w be 19/(-114) - (-4889)/(-6). Let m = w + 846. What is the highest common factor of m and r?
31
Let x(b) = -2*b**3 - 35*b**2 + 100*b + 234. Let q be x(-20). What is the highest common factor of q and 6474?
78
Let v(y) = 5*y + 38. Let w be (236/177)/((-2)/9). Let c be v(w). What is the greatest common factor of 688 and c?
8
Let a(k) = 88*k**3 - 1. Let r be a(1). Let p(s) = -2*s**2 + 4363*s - 107535. Let h be p(25). What is the greatest common divisor of r and h?
29
Let w = 9 - 23. Let r = w + 21. Let p(o) = -o**2 + 9*o - 3. Let h be p(r). What is the highest common divisor of 55 and h?
11
Suppose -10*c = -60977 + 8901 - 9084. What is the greatest common divisor of c and 278?
278
Suppose -40*f + 28152 = -22*f. What is the greatest common factor of 644 and f?
92
Let a(z) = z**2 - 11*z + 26. Let n be (-9)/(-1) + (6 + -1)/(-5). Let s be a(n). Let c be s*(0 - 1)*-6. What is the highest common factor of c and 12?
12
Let n be (-1)/(((-28)/(-16))/(-7)). Let y(i) = -3*i + 37. Let m be y(-9). What is the highest common factor of n and m?
4
Let l(t) = 2*t**3 - 6*t**2 - 8*t + 2. Let m be l(4). Let s be m + 0 - 21*6/(-18). Calculate the highest common divisor of 27 and s.
9
Let v = 2464 - 2302. Suppose -4*a + 66 = -6. What is the greatest common divisor of v and a?
18
Let y(u) = 9*u**3 + 3*u**2 + 73*u - 262. Let f be y(4). What is the greatest common factor of 2725 and f?
109
Suppose 223*g + 88*g = 214590. Suppose -z - 3*z + 120 = 0. Calculate the highest common divisor of z and g.
30
Let x(g) = 7*g - 113. Let t be x(0). Let b = t + 118. Suppose -25 = -b*j, 3*k - 4*j - 6 - 16 = 0. Calculate the highest common factor of 56 and k.
14
Suppose -126*f + 176 + 270 = 68. Suppose 5*u = 2*u. Suppose -3*o + u + f = 0, -k + 4*o = 2. What is the greatest common divisor of k and 3?
1
Suppose -60*j - 2862 + 18342 = 0. Calculate the highest common divisor of 216 and j.
6
Let q = -193 + 193. Let r(p) = 2*p + 96. Let f be r(q). Calculate the greatest common factor of f and 32.
32
Let w(h) = 28*h - 14. Suppose -2*m = -2*l + 16, m - 1 = 1. Let d be w(l). Calculate the greatest common factor of 38 and d.
38
Suppose 2*r - 160 = 4*s, 194 + 31 = 3*r - s. Suppose 131*g - 222 = 129*g. What is the greatest common factor of g and r?
37
Let u(i) = -i**3 + 5*i**2 + i. Let s be u(5). Suppose p + p + s*m - 76 = 0, 4*p + 4*m = 128. Let z = p + 71. Calculate the greatest common factor of 9 and z.
9
Suppose -11*z - 470 = -558. Calculate the highest common divisor of 644 and z.
4
Let b(m) = 2*m**3 + 6*m**2 + 6*m + 40. Let j be b(-6). Let o = 219 + j. Calculate the greatest common divisor of 35 and o.
7
Suppose 182*t - 5720 = 162*t. Suppose -27*f + 40*f - t = 0. Calculate the highest common factor of f and 418.
22
Let x(p) = p**3 + 38*p**2 + 34*p + 9. Suppose 220 = -12*j - 224. Let z be x(j). What is the greatest common factor of z and 15?
15
Let o be (118/3)/2 - (-6620)/(-3972). Suppose -2*h + 342 = h. Calculate the greatest common factor of h and o.
6
Suppose -6*p + 23 = -25. Suppose z = 5*z - p, -2*z = 4*c - 40. Calculate the highest common factor of 27 and c.
9
Let q be (-2)/7 - (-794762)/1211. What is the highest common factor of 41 and q?
41
Suppose 0 = -2*n - p + 11770 - 1628, 20284 = 4*n + 5*p. What is the greatest common factor of n and 11?
11
Let v = -26067 - -40387. Calculate the greatest common factor of 80 and v.
80
Suppose 7*v - 6*v - 48 = 0. Let s = v + 18. Suppose -4*f + f = 0, 2*q - 4*f - s = 0. What is the greatest common divisor of q and 11?
11
Suppose -3*q + 0*q = -2*d - 4, 0 = 4*q - 4*d - 12. Let u be (q/4)/(9/18) - -6. Suppose -s - 224 = -u*s. Calculate the greatest common divisor of 8 and s.
8
Let j be -7 - -8 - (-952)/(-4). Let t = 259 + j. Calculate the greatest common factor of t and 110.
22
Suppose -20 = f + 5*o - 64, -o + 1 = 0. Let t = f - 39. Let i(u) = u**2 + 286. Let g be i(t). Calculate the greatest common factor of g and 26.
26
Suppose -c = 0, -5*k + 0*c = -2*c - 1530. Let v(s) = 810*s + 14598. Let t be v(-18). What is the highest common factor of t and k?
18
Suppose -h - 2 = -0*h. Let s be (1/h)/(5/(-1110)). Suppose -31 = 4*p - s. What is the greatest common factor of 30 and p?
10
Let h(d) = -9*d - 4. Let t(p) = 1. Let k(g) = -2*h(g) + 6*t(g). Let r be k(3). What is the greatest common divisor of r and 34?
34
Suppose 111*g - 2497 - 1869 + 1258 = 0. What is the greatest common divisor of 55636 and g?
28
Let k be 26 - (2 + -1)*-2. Suppose -i = -2 - k. Let l be ((-279)/(-108) - (-1)/(-3))/(57/1900). Calculate the greatest common factor of i and l.
15
Let x = 9 - 4. Suppose 0 = -x*g + 4*u - 0*u + 168, -u + 39 = g. Suppose -t + l = -g - 0, 4*l = 16. Calculate the highest common divisor of t and 240.
40
Let u(o) = -6*o - 251. Let f be u(-83). Calculate the greatest common divisor of f and 95.
19
Let j(u) = 21*u + 1. Let a be j(1). Suppose 2*r - 6*r + 16 = 0. Supp